{"id":550,"date":"2022-02-04T21:10:46","date_gmt":"2022-02-04T20:10:46","guid":{"rendered":"https:\/\/missionssolidariteliban.com\/?page_id=550"},"modified":"2023-05-21T16:39:11","modified_gmt":"2023-05-21T15:39:11","slug":"2022-2","status":"publish","type":"page","link":"https:\/\/missionssolidariteliban.com\/index.php\/2022-2\/","title":{"rendered":"2022"},"content":{"rendered":"\r\n<p class=\"has-medium-font-size\"><strong>Mardi 15 novembre :<\/strong><\/p>\r\n\r\n\r\n\r\n<p>Soir\u00e9e pour les chr\u00e9tiens du Liban \u00e0 l&rsquo;\u00e9glise Sainte Jeanne d&rsquo;Arc de Versailles.<\/p>\r\n\r\n\r\n\r\n<p>Mgr Boutros Barak c\u00e9l\u00e8bre une messe en rite maronite avant de faire une conf\u00e9rence sur \u00ab\u00a0Le drame sans fin du Liban\u00a0\u00bb<\/p>\r\n\r\n\r\n\r\n<p class=\"has-white-color has-text-color has-large-font-size\">Mardi 15 novembre:<\/p>\r\n\r\n\r\n\r\n<p class=\"has-white-color has-text-color has-large-font-size\">une conf\u00e9rence sur\u00a0\u00bb le \u00ab\u00a0\u00a0\u00bbLe drame sans fin du Liban\u00a0\u00bb<\/p>\r\n\r\n\r\n\r\n<figure class=\"wp-block-image size-full is-resized\"><img decoding=\"async\" loading=\"lazy\" class=\"wp-image-604\" src=\"https:\/\/missionssolidariteliban.com\/wp-content\/uploads\/2022\/11\/Mgr-Roukos-Barak-vicaire-general-des-maronites-en-France.jpg\" alt=\"\" width=\"358\" height=\"477\" srcset=\"https:\/\/missionssolidariteliban.com\/wp-content\/uploads\/2022\/11\/Mgr-Roukos-Barak-vicaire-general-des-maronites-en-France.jpg 768w, https:\/\/missionssolidariteliban.com\/wp-content\/uploads\/2022\/11\/Mgr-Roukos-Barak-vicaire-general-des-maronites-en-France-225x300.jpg 225w\" sizes=\"(max-width: 358px) 85vw, 358px\" \/>\r\n<figcaption class=\"wp-element-caption\">Monseigneur Boutros Barak , vicaire g\u00e9n\u00e9ral pour les maronites sur une partie de la France.<\/figcaption>\r\n<\/figure>\r\n\r\n\r\n\r\n<figure class=\"wp-block-image size-medium is-resized\"><img decoding=\"async\" loading=\"lazy\" class=\"wp-image-606\" src=\"https:\/\/missionssolidariteliban.com\/wp-content\/uploads\/2022\/11\/Mgr-Roukos-Barak-avec-le-Pere-Jean-Claude-Callery-225x300.jpg\" alt=\"\" width=\"360\" height=\"480\" srcset=\"https:\/\/missionssolidariteliban.com\/wp-content\/uploads\/2022\/11\/Mgr-Roukos-Barak-avec-le-Pere-Jean-Claude-Callery-225x300.jpg 225w, https:\/\/missionssolidariteliban.com\/wp-content\/uploads\/2022\/11\/Mgr-Roukos-Barak-avec-le-Pere-Jean-Claude-Callery.jpg 768w\" sizes=\"(max-width: 360px) 85vw, 360px\" \/>\r\n<figcaption class=\"wp-element-caption\">Mgr Boutros Barak et le p\u00e8re Jean-Brice Callery cur\u00e9 de Sainte Jeanne d&rsquo;Arc de Versailles<\/figcaption>\r\n<\/figure>\r\n\r\n\r\n\r\n<figure class=\"wp-block-image size-medium is-resized\"><img decoding=\"async\" loading=\"lazy\" class=\"wp-image-607\" src=\"https:\/\/missionssolidariteliban.com\/wp-content\/uploads\/2022\/11\/Icone-et-reliques-de-saints-libanais-225x300.jpg\" alt=\"\" width=\"358\" height=\"477\" srcset=\"https:\/\/missionssolidariteliban.com\/wp-content\/uploads\/2022\/11\/Icone-et-reliques-de-saints-libanais-225x300.jpg 225w, https:\/\/missionssolidariteliban.com\/wp-content\/uploads\/2022\/11\/Icone-et-reliques-de-saints-libanais.jpg 768w\" sizes=\"(max-width: 358px) 85vw, 358px\" \/>\r\n<figcaption class=\"wp-element-caption\">Caroline de Raimond, pr\u00e9sidente de \u00ab\u00a0Missions Solidarit\u00e9 Liban \u00ab\u00a0, Mgr Boutros Barak et Julie Sater, pr\u00e9sidente de \u00ab\u00a0de Versailles \u00e0 Beyrouth\u00a0\u00bb, entourent une Ic\u00f4ne de la gu\u00e9rison de la fille de la Canan\u00e9enne et les reliques de Saints du Liban offerts par Mgr Hage , ancien archev\u00eaque de Tyr.<\/figcaption>\r\n<\/figure>\r\n\r\n\r\n\r\n<figure class=\"wp-block-image size-full is-resized\"><img decoding=\"async\" loading=\"lazy\" class=\"wp-image-608\" src=\"http:\/\/missionssolidariteliban.com\/wp-content\/uploads\/2022\/11\/Mgr-Roukos-Barak.jpg\" alt=\"\" width=\"361\" height=\"802\" srcset=\"https:\/\/missionssolidariteliban.com\/wp-content\/uploads\/2022\/11\/Mgr-Roukos-Barak.jpg 461w, https:\/\/missionssolidariteliban.com\/wp-content\/uploads\/2022\/11\/Mgr-Roukos-Barak-135x300.jpg 135w\" sizes=\"(max-width: 361px) 85vw, 361px\" \/>\r\n<figcaption class=\"wp-element-caption\">Mgr Boutros Barak pendant sa conf\u00e9rence (avec un rappel historique sur le Liban )<\/figcaption>\r\n<\/figure>\r\n\r\n\r\n\r\n<p>sur \u00ab\u00a0Le drame sans fin du Liban \u00ab\u00a0<\/p>\r\n\r\n\r\n\r\n<figure class=\"wp-block-image size-full is-resized\"><img decoding=\"async\" loading=\"lazy\" class=\"wp-image-609\" src=\"http:\/\/missionssolidariteliban.com\/wp-content\/uploads\/2022\/11\/IMG-20221116-WA0006.jpg\" alt=\"\" width=\"689\" height=\"919\" srcset=\"https:\/\/missionssolidariteliban.com\/wp-content\/uploads\/2022\/11\/IMG-20221116-WA0006.jpg 768w, https:\/\/missionssolidariteliban.com\/wp-content\/uploads\/2022\/11\/IMG-20221116-WA0006-225x300.jpg 225w\" sizes=\"(max-width: 689px) 85vw, 689px\" \/>\r\n<figcaption class=\"wp-element-caption\">Fin de la messe avec une vue des participants comprenant de nombreux libanais et de nombreux paroissiens de Sainte Jeanne d&rsquo;Arc.<\/figcaption>\r\n<\/figure>\r\n\r\n\r\n\r\n<p>Temps tr\u00e8s convivial ensuite autour de taboul\u00e9s libanais et de divers desserts pr\u00e9par\u00e9s par des paroissiens.<\/p>\r\n\r\n\r\n\r\n<p>Le Comit\u00e9 Liban remercie vivement les paroissiens pour cette tr\u00e8s belle soir\u00e9e qui va permettre de soutenir au Liban plusieurs familles chr\u00e9tiennes en grande d\u00e9tresse.<\/p>\r\n\r\n\r\n\r\n\r\n\r\n<p><strong>Lettre aux donateurs 12 mai 2022<\/strong><\/p>\r\n\r\n\r\n\r\n<figure class=\"wp-block-gallery has-nested-images columns-default is-cropped wp-block-gallery-1 is-layout-flex\">\r\n<figure class=\"wp-block-image size-large\"><img decoding=\"async\" loading=\"lazy\" width=\"745\" height=\"1024\" data-id=\"581\"  class=\"wp-image-581\" src=\"https:\/\/missionssolidariteliban.com\/wp-content\/uploads\/2022\/05\/Lettre-aux-donateurs-mai-2022-745x1024.png\" alt=\"\" srcset=\"https:\/\/missionssolidariteliban.com\/wp-content\/uploads\/2022\/05\/Lettre-aux-donateurs-mai-2022-745x1024.png 745w, https:\/\/missionssolidariteliban.com\/wp-content\/uploads\/2022\/05\/Lettre-aux-donateurs-mai-2022-218x300.png 218w, https:\/\/missionssolidariteliban.com\/wp-content\/uploads\/2022\/05\/Lettre-aux-donateurs-mai-2022-768x1056.png 768w, https:\/\/missionssolidariteliban.com\/wp-content\/uploads\/2022\/05\/Lettre-aux-donateurs-mai-2022-1117x1536.png 1117w, https:\/\/missionssolidariteliban.com\/wp-content\/uploads\/2022\/05\/Lettre-aux-donateurs-mai-2022-1200x1650.png 1200w, https:\/\/missionssolidariteliban.com\/wp-content\/uploads\/2022\/05\/Lettre-aux-donateurs-mai-2022.png 1276w\" sizes=\"(max-width: 745px) 85vw, 745px\" \/><\/figure>\r\n<\/figure>\r\n\r\n\r\n\r\n<p>Lettre d&rsquo;une famille libanaise parrain\u00e9e \u00e0 la famille qui la parraine<\/p>\r\n\r\n\r\n\r\n<figure class=\"wp-block-gallery has-nested-images columns-default is-cropped wp-block-gallery-3 is-layout-flex\">\r\n<figure class=\"wp-block-image size-large\"><img decoding=\"async\" loading=\"lazy\" width=\"768\" height=\"1024\" data-id=\"579\"  class=\"wp-image-579\" src=\"https:\/\/missionssolidariteliban.com\/wp-content\/uploads\/2022\/05\/Lettre-dune-famille-parrainee-768x1024.jpg\" alt=\"\" srcset=\"https:\/\/missionssolidariteliban.com\/wp-content\/uploads\/2022\/05\/Lettre-dune-famille-parrainee-768x1024.jpg 768w, https:\/\/missionssolidariteliban.com\/wp-content\/uploads\/2022\/05\/Lettre-dune-famille-parrainee-225x300.jpg 225w, https:\/\/missionssolidariteliban.com\/wp-content\/uploads\/2022\/05\/Lettre-dune-famille-parrainee-1152x1536.jpg 1152w, https:\/\/missionssolidariteliban.com\/wp-content\/uploads\/2022\/05\/Lettre-dune-famille-parrainee-1536x2048.jpg 1536w, https:\/\/missionssolidariteliban.com\/wp-content\/uploads\/2022\/05\/Lettre-dune-famille-parrainee-1200x1600.jpg 1200w, https:\/\/missionssolidariteliban.com\/wp-content\/uploads\/2022\/05\/Lettre-dune-famille-parrainee-scaled.jpg 1920w\" sizes=\"(max-width: 768px) 85vw, 768px\" \/><\/figure>\r\n\r\n<figcaption class=\"blocks-gallery-caption wp-element-caption\"><br \/>Lettre particuli\u00e8rement \u00e9mouvante dans le contexte actuel si difficile pour les libanais entre l&rsquo;explosion du port de Beyrouth, l&rsquo;inflation galopante , et le contexte politique toujours aussi fragile.<\/figcaption>\r\n<\/figure>\r\n\r\n\r\n\r\n<p><strong><span class=\"has-inline-color has-vivid-red-color\">MSL remercie vivement tous les parrains fid\u00e8les depuis des ann\u00e9es et encourage tous les lecteurs de ce site \u00e0 devenir parrains pour soulager nos chers chr\u00e9tiens libanais.<\/span><\/strong><\/p>\r\n\r\n\r\n\r\n<p>&nbsp;<\/p>\r\n\r\n\r\n\r\n<p><strong><span class=\"has-inline-color\" style=\"color: #00a348;\">19 et 20 mars 2022:<\/span><\/strong><\/p>\r\n\r\n\r\n\r\n<p><strong>A la sortie des messes de Sainte Jeanne d&rsquo;Arc de Versailles<\/strong><\/p>\r\n\r\n\r\n\r\n<p><strong>Vente de 2000 bouteilles d&rsquo;huile en soutien aux ol\u00e9iculteurs de JEZZINE au sud Liban<\/strong><\/p>\r\n\r\n\r\n\r\n<figure class=\"wp-block-image size-large\"><img decoding=\"async\" loading=\"lazy\" width=\"520\" height=\"1024\" class=\"wp-image-572\" src=\"http:\/\/missionssolidariteliban.com\/wp-content\/uploads\/2022\/04\/PHOTO-2022-04-13-14-45-36-1-520x1024.jpg\" alt=\"\" \/><\/figure>\r\n\r\n\r\n\r\n<figure class=\"wp-block-image size-large is-resized\"><img decoding=\"async\" loading=\"lazy\" class=\"wp-image-573\" src=\"http:\/\/missionssolidariteliban.com\/wp-content\/uploads\/2022\/04\/Le-tresorier-de-MSL-1-637x1024.jpg\" alt=\"\" width=\"637\" height=\"1024\" srcset=\"https:\/\/missionssolidariteliban.com\/wp-content\/uploads\/2022\/04\/Le-tresorier-de-MSL-1-637x1024.jpg 637w, https:\/\/missionssolidariteliban.com\/wp-content\/uploads\/2022\/04\/Le-tresorier-de-MSL-1-187x300.jpg 187w, https:\/\/missionssolidariteliban.com\/wp-content\/uploads\/2022\/04\/Le-tresorier-de-MSL-1-768x1235.jpg 768w, https:\/\/missionssolidariteliban.com\/wp-content\/uploads\/2022\/04\/Le-tresorier-de-MSL-1-955x1536.jpg 955w, https:\/\/missionssolidariteliban.com\/wp-content\/uploads\/2022\/04\/Le-tresorier-de-MSL-1.jpg 995w\" sizes=\"(max-width: 637px) 85vw, 637px\" \/>\r\n<figcaption class=\"wp-element-caption\"><strong>Le tr\u00e9sorier de MSL \u00e0 la vente d&rsquo;huile<\/strong><\/figcaption>\r\n<\/figure>\r\n\r\n\r\n\r\n<figure class=\"wp-block-image size-large\"><img decoding=\"async\" loading=\"lazy\" width=\"1024\" height=\"768\" class=\"wp-image-574\" src=\"http:\/\/missionssolidariteliban.com\/wp-content\/uploads\/2022\/04\/Le-tresorier-de-MSL-une-marraine-de-famille-libanaise-et-la-presidente-de-MSL-Caroline-de-Raimond-1-1024x768.jpg\" alt=\"\" srcset=\"https:\/\/missionssolidariteliban.com\/wp-content\/uploads\/2022\/04\/Le-tresorier-de-MSL-une-marraine-de-famille-libanaise-et-la-presidente-de-MSL-Caroline-de-Raimond-1-1024x768.jpg 1024w, https:\/\/missionssolidariteliban.com\/wp-content\/uploads\/2022\/04\/Le-tresorier-de-MSL-une-marraine-de-famille-libanaise-et-la-presidente-de-MSL-Caroline-de-Raimond-1-300x225.jpg 300w, https:\/\/missionssolidariteliban.com\/wp-content\/uploads\/2022\/04\/Le-tresorier-de-MSL-une-marraine-de-famille-libanaise-et-la-presidente-de-MSL-Caroline-de-Raimond-1-768x576.jpg 768w, https:\/\/missionssolidariteliban.com\/wp-content\/uploads\/2022\/04\/Le-tresorier-de-MSL-une-marraine-de-famille-libanaise-et-la-presidente-de-MSL-Caroline-de-Raimond-1-1536x1152.jpg 1536w, https:\/\/missionssolidariteliban.com\/wp-content\/uploads\/2022\/04\/Le-tresorier-de-MSL-une-marraine-de-famille-libanaise-et-la-presidente-de-MSL-Caroline-de-Raimond-1-2048x1536.jpg 2048w, https:\/\/missionssolidariteliban.com\/wp-content\/uploads\/2022\/04\/Le-tresorier-de-MSL-une-marraine-de-famille-libanaise-et-la-presidente-de-MSL-Caroline-de-Raimond-1-1200x900.jpg 1200w\" sizes=\"(max-width: 709px) 85vw, (max-width: 909px) 67vw, (max-width: 1362px) 62vw, 840px\" \/>\r\n<figcaption class=\"wp-element-caption\"><strong>Le tr\u00e9sorier de MSL, une marraine de famille libanaise et Caroline de Raimond, pr\u00e9sidente de MSL<\/strong><\/figcaption>\r\n<\/figure>\r\n\r\n\r\n\r\n<p>La situation au Liban est catastrophique pour les m\u00e9dicaments et l&rsquo;\u00e9nergie.<\/p>\r\n\r\n\r\n\r\n<p>Nous continuons nos actions en soutenant particuli\u00e8rement les \u00e9coles semi-publiques qui sont dans une situation de grande pr\u00e9carit\u00e9.<\/p>\r\n\r\n\r\n\r\n<figure class=\"wp-block-image size-full\"><img decoding=\"async\" loading=\"lazy\" width=\"800\" height=\"550\" class=\"wp-image-554\" src=\"http:\/\/missionssolidariteliban.com\/wp-content\/uploads\/2022\/02\/2021.03.17-Borj-Hammoud_0005.png\" alt=\"\" srcset=\"https:\/\/missionssolidariteliban.com\/wp-content\/uploads\/2022\/02\/2021.03.17-Borj-Hammoud_0005.png 800w, https:\/\/missionssolidariteliban.com\/wp-content\/uploads\/2022\/02\/2021.03.17-Borj-Hammoud_0005-300x206.png 300w, https:\/\/missionssolidariteliban.com\/wp-content\/uploads\/2022\/02\/2021.03.17-Borj-Hammoud_0005-768x528.png 768w\" sizes=\"(max-width: 800px) 85vw, 800px\" \/><\/figure>\r\n","protected":false},"excerpt":{"rendered":"<p>Mardi 15 novembre : Soir\u00e9e pour les chr\u00e9tiens du Liban \u00e0 l&rsquo;\u00e9glise Sainte Jeanne d&rsquo;Arc de Versailles. Mgr Boutros Barak c\u00e9l\u00e8bre une messe en rite maronite avant de faire une conf\u00e9rence sur \u00ab\u00a0Le drame sans fin du Liban\u00a0\u00bb Mardi 15 novembre: une conf\u00e9rence sur\u00a0\u00bb le \u00ab\u00a0\u00a0\u00bbLe drame sans fin du Liban\u00a0\u00bb sur \u00ab\u00a0Le drame sans &hellip; <a href=\"https:\/\/missionssolidariteliban.com\/index.php\/2022-2\/\" class=\"more-link\">Continuer la lecture<span class=\"screen-reader-text\"> de &laquo;&nbsp;2022&nbsp;&raquo;<\/span><\/a><\/p>\n","protected":false},"author":1,"featured_media":0,"parent":0,"menu_order":0,"comment_status":"closed","ping_status":"closed","template":"","meta":[],"_links":{"self":[{"href":"https:\/\/missionssolidariteliban.com\/index.php\/wp-json\/wp\/v2\/pages\/550"}],"collection":[{"href":"https:\/\/missionssolidariteliban.com\/index.php\/wp-json\/wp\/v2\/pages"}],"about":[{"href":"https:\/\/missionssolidariteliban.com\/index.php\/wp-json\/wp\/v2\/types\/page"}],"author":[{"embeddable":true,"href":"https:\/\/missionssolidariteliban.com\/index.php\/wp-json\/wp\/v2\/users\/1"}],"replies":[{"embeddable":true,"href":"https:\/\/missionssolidariteliban.com\/index.php\/wp-json\/wp\/v2\/comments?post=550"}],"version-history":[{"count":24,"href":"https:\/\/missionssolidariteliban.com\/index.php\/wp-json\/wp\/v2\/pages\/550\/revisions"}],"predecessor-version":[{"id":720,"href":"https:\/\/missionssolidariteliban.com\/index.php\/wp-json\/wp\/v2\/pages\/550\/revisions\/720"}],"wp:attachment":[{"href":"https:\/\/missionssolidariteliban.com\/index.php\/wp-json\/wp\/v2\/media?parent=550"}],"curies":[{"name":"wp","href":"https:\/\/api.w.org\/{rel}","templated":true}]}}