{"id":538,"date":"2022-02-04T21:03:36","date_gmt":"2022-02-04T20:03:36","guid":{"rendered":"https:\/\/missionssolidariteliban.com\/?page_id=538"},"modified":"2022-02-04T21:03:36","modified_gmt":"2022-02-04T20:03:36","slug":"2020-2","status":"publish","type":"page","link":"https:\/\/missionssolidariteliban.com\/index.php\/2020-2\/","title":{"rendered":"2020"},"content":{"rendered":"\n<p><strong>Dons d&rsquo;urgence<\/strong>:<\/p>\n\n\n\n<p>R\u00e9ponses aux diff\u00e9rents appels<\/p>\n\n\n\n<p>-du p\u00e8re Nasrallah au village d&rsquo;El Kaa , au Nord Liban, \u00e0 la fronti\u00e8re syrienne : Encouragement de l&rsquo;activit\u00e9 agricole et aide \u00e0 l&rsquo;accueil de 300 000&nbsp; r\u00e9fugi\u00e9s syriens.<\/p>\n\n\n\n<p>&#8211; de St Vincent de Paul , pour des familles libanaises en d\u00e9tresse et des r\u00e9fugi\u00e9s syriens : Dons pour achats divers (chaussures, v\u00eatements, couvertures,&#8230;)<\/p>\n","protected":false},"excerpt":{"rendered":"<p>Dons d&rsquo;urgence: R\u00e9ponses aux diff\u00e9rents appels -du p\u00e8re Nasrallah au village d&rsquo;El Kaa , au Nord Liban, \u00e0 la fronti\u00e8re syrienne : Encouragement de l&rsquo;activit\u00e9 agricole et aide \u00e0 l&rsquo;accueil de 300 000&nbsp; r\u00e9fugi\u00e9s syriens. &#8211; de St Vincent de Paul , pour des familles libanaises en d\u00e9tresse et des r\u00e9fugi\u00e9s syriens : Dons pour &hellip; <a href=\"https:\/\/missionssolidariteliban.com\/index.php\/2020-2\/\" class=\"more-link\">Continuer la lecture<span class=\"screen-reader-text\"> de &laquo;&nbsp;2020&nbsp;&raquo;<\/span><\/a><\/p>\n","protected":false},"author":1,"featured_media":0,"parent":0,"menu_order":0,"comment_status":"closed","ping_status":"closed","template":"","meta":[],"_links":{"self":[{"href":"https:\/\/missionssolidariteliban.com\/index.php\/wp-json\/wp\/v2\/pages\/538"}],"collection":[{"href":"https:\/\/missionssolidariteliban.com\/index.php\/wp-json\/wp\/v2\/pages"}],"about":[{"href":"https:\/\/missionssolidariteliban.com\/index.php\/wp-json\/wp\/v2\/types\/page"}],"author":[{"embeddable":true,"href":"https:\/\/missionssolidariteliban.com\/index.php\/wp-json\/wp\/v2\/users\/1"}],"replies":[{"embeddable":true,"href":"https:\/\/missionssolidariteliban.com\/index.php\/wp-json\/wp\/v2\/comments?post=538"}],"version-history":[{"count":1,"href":"https:\/\/missionssolidariteliban.com\/index.php\/wp-json\/wp\/v2\/pages\/538\/revisions"}],"predecessor-version":[{"id":539,"href":"https:\/\/missionssolidariteliban.com\/index.php\/wp-json\/wp\/v2\/pages\/538\/revisions\/539"}],"wp:attachment":[{"href":"https:\/\/missionssolidariteliban.com\/index.php\/wp-json\/wp\/v2\/media?parent=538"}],"curies":[{"name":"wp","href":"https:\/\/api.w.org\/{rel}","templated":true}]}}