{"id":536,"date":"2022-02-04T21:02:39","date_gmt":"2022-02-04T20:02:39","guid":{"rendered":"https:\/\/missionssolidariteliban.com\/?page_id=536"},"modified":"2022-02-04T21:09:58","modified_gmt":"2022-02-04T20:09:58","slug":"2021-2","status":"publish","type":"page","link":"https:\/\/missionssolidariteliban.com\/index.php\/2021-2\/","title":{"rendered":"2021"},"content":{"rendered":"\n<p>Une collecte de m\u00e9dicaments a eu lieu \u00e0 la paroisse Sainte Jeanne d&rsquo;Arc de Versailles Mercredi 22 Septembre \u00e0 la suite du t\u00e9moignage de Mr et Mme Labaki, responsables de l&rsquo;ILDES (Institut Libanais de D\u00e9veloppement \u00e9conomique et Social); La situation au Liban est catastrophique et particuli\u00e8rement sur le plan m\u00e9dical : P\u00e9nurie de m\u00e9dicaments et de mat\u00e9riel m\u00e9dical, h\u00f4pitaux incapables de r\u00e9pondre \u00e0 la demande.<\/p>\n\n\n\n<p>Sur le plan \u00e9conomique 70% de la population vit au dessous du seuil de pauvret\u00e9, la classe moyenne s&rsquo;\u00e9tant &nbsp;terriblement appauvrie. Et pour couronner le tout le probl\u00e8me de l&rsquo;approvisionnement du fioul qui conduit aujourd&rsquo;hui 9 Octobre, \u00e0 une coupure g\u00e9n\u00e9rale de l&rsquo;\u00e9lectricit\u00e9 dans tout le Liban, les centrales \u00e9lectriques fonctionnant avec du fioul.<\/p>\n\n\n\n<h2 class=\"wp-block-heading\">Appel d&rsquo;urgence pour des nouveaux parrainages de familles.<\/h2>\n\n\n\n<h2 class=\"wp-block-heading\">Aller dans rubrique \u00ab\u00a0Nous aider\u00a0\u00bb<\/h2>\n\n\n\n<h3 class=\"wp-block-heading\">DONS d&rsquo;URGENCE suite \u00e0 l&rsquo;EXPLOSION du PORT de BEYROUTH<\/h3>\n\n\n\n<p><strong>VOIR CI-DESSOUS<\/strong> le lien avec la lettre du 29 septembre 2020 de Caroline de Raimond, pr\u00e9sidente de MSL, sur le terrible bilan de l&rsquo;explosion de Beyrouth , et en remerciement aux donateurs des 46 000&nbsp; \u20ac envoy\u00e9s pour moiti\u00e9 aux deux associations: ILDES et Saint Vincent de Paul<\/p>\n\n\n\n<p><a href=\"http:\/\/missionssolidariteliban.com\/wp-content\/uploads\/2020\/10\/Lettre-2-remerciement-appel-4-Aout20.doc\">Lettre 2 remerciement appel 4 Aout20<\/a><\/p>\n\n\n\n<figure class=\"wp-block-image\"><img decoding=\"async\" src=\"http:\/\/missionssolidariteliban.com\/wp-content\/uploads\/2020\/10\/Appartement-souffle.jpg\" alt=\"L\u2019attribut alt de cette image est vide, son nom de fichier est Appartement-souffle.jpg.\"\/><\/figure>\n\n\n\n<figure class=\"wp-block-image size-full\"><img decoding=\"async\" loading=\"lazy\" width=\"800\" height=\"550\" src=\"http:\/\/missionssolidariteliban.com\/wp-content\/uploads\/2022\/02\/2021.03.17-Borj-Hammoud_0014.png\" alt=\"\" class=\"wp-image-548\" srcset=\"https:\/\/missionssolidariteliban.com\/wp-content\/uploads\/2022\/02\/2021.03.17-Borj-Hammoud_0014.png 800w, https:\/\/missionssolidariteliban.com\/wp-content\/uploads\/2022\/02\/2021.03.17-Borj-Hammoud_0014-300x206.png 300w, https:\/\/missionssolidariteliban.com\/wp-content\/uploads\/2022\/02\/2021.03.17-Borj-Hammoud_0014-768x528.png 768w\" sizes=\"(max-width: 800px) 85vw, 800px\" \/><\/figure>\n\n\n\n<figure class=\"wp-block-image\"><img decoding=\"async\" src=\"http:\/\/missionssolidariteliban.com\/wp-content\/uploads\/2020\/10\/PHOTO-2020-10-05-20-23-21.jpg\" alt=\"L\u2019attribut alt de cette image est vide, son nom de fichier est PHOTO-2020-10-05-20-23-21.jpg.\"\/><\/figure>\n\n\n\n<h4 class=\"wp-block-heading\">Appartements souffl\u00e9s par l&rsquo;explosion<\/h4>\n\n\n\n<figure class=\"wp-block-image\"><img decoding=\"async\" src=\"http:\/\/missionssolidariteliban.com\/wp-content\/uploads\/2020\/10\/Elie-Habr-2-Porte-en-alu-et-verre-endommagee-768x1024.jpeg\" alt=\"\"\/><\/figure>\n\n\n\n<figure class=\"wp-block-image\"><img decoding=\"async\" src=\"http:\/\/missionssolidariteliban.com\/wp-content\/uploads\/2020\/10\/Fouad-Hawa-3-degats-porte-576x1024.jpeg\" alt=\"L\u2019attribut alt de cette image est vide, son nom de fichier est Fouad-Hawa-3-degats-porte-576x1024.jpeg.\"\/><\/figure>\n\n\n\n<figure class=\"wp-block-image\"><img decoding=\"async\" src=\"http:\/\/missionssolidariteliban.com\/wp-content\/uploads\/2020\/10\/Georges-Massaad-2-mur-exterieur-fissure-576x1024.jpeg\" alt=\"L\u2019attribut alt de cette image est vide, son nom de fichier est Georges-Massaad-2-mur-exterieur-fissure-576x1024.jpeg.\"\/><\/figure>\n\n\n\n<h4 class=\"wp-block-heading\"><img decoding=\"async\" loading=\"lazy\" class=\"\" src=\"http:\/\/missionssolidariteliban.com\/wp-content\/uploads\/2020\/10\/Mur-defonce.jpg\" alt=\"L\u2019attribut alt de cette image est vide, son nom de fichier est Mur-defonce.jpg.\" width=\"223\" height=\"297\"><\/h4>\n\n\n\n<h4 class=\"wp-block-heading\">Portes et vitres bris\u00e9es&#8230;murs fissur\u00e9s<\/h4>\n\n\n\n<figure class=\"wp-block-image\"><img decoding=\"async\" src=\"http:\/\/missionssolidariteliban.com\/wp-content\/uploads\/2020\/10\/Stephanie-Matar-2-Voiture-endommagee-1024x476.jpeg\" alt=\"L\u2019attribut alt de cette image est vide, son nom de fichier est Stephanie-Matar-2-Voiture-endommagee-1024x476.jpeg.\"\/><\/figure>\n\n\n\n<h4 class=\"wp-block-heading\">Voitures \u00e9cras\u00e9es&#8230;<\/h4>\n\n\n\n<figure class=\"wp-block-image\"><img decoding=\"async\" src=\"http:\/\/missionssolidariteliban.com\/wp-content\/uploads\/2020\/10\/Georges-Massaad-7-recolte-detruite-1024x768.jpeg\" alt=\"\"\/><\/figure>\n\n\n\n<h4 class=\"wp-block-heading\">R\u00e9coltes brul\u00e9es et d\u00e9truites par l&rsquo;explosion et les fum\u00e9es &#8230;<\/h4>\n\n\n\n<h4 class=\"wp-block-heading\">Sources de revenus an\u00e9anties pour des familles d\u00e9j\u00e0 tr\u00e8s pauvres&#8230;<\/h4>\n\n\n\n<h2 class=\"wp-block-heading\">Gr\u00e2ce aux dons re\u00e7us, MSL a pu :<\/h2>\n\n\n\n<ul><li>Financer la r\u00e9habilitation de 30 maisons d\u00e9truites .<\/li><\/ul>\n\n\n\n<p>Avant<\/p>\n\n\n\n<figure class=\"wp-block-image\"><img decoding=\"async\" src=\"http:\/\/missionssolidariteliban.com\/wp-content\/uploads\/2021\/06\/Maison-detruite-Bey.jpg\" alt=\"L\u2019attribut alt de cette image est vide, son nom de fichier est Maison-detruite-Bey.jpg.\"\/><\/figure>\n\n\n\n<p>Apr\u00e8s<\/p>\n\n\n\n<figure class=\"wp-block-image\"><img decoding=\"async\" src=\"http:\/\/missionssolidariteliban.com\/wp-content\/uploads\/2021\/06\/maison-rehabilitee-768x1024.jpg\" alt=\"L\u2019attribut alt de cette image est vide, son nom de fichier est maison-rehabilitee-768x1024.jpg.\"\/><\/figure>\n\n\n\n<ul><li>Apporter un soutien aux dispensaires de Saint Vincent (Kornet Chehwan) et l&rsquo;ILDES pour la distribution de m\u00e9dicaments.<img decoding=\"async\" src=\"http:\/\/missionssolidariteliban.com\/wp-content\/uploads\/2021\/06\/Dispensaire-461x1024.jpg\" alt=\"L\u2019attribut alt de cette image est vide, son nom de fichier est Dispensaire-461x1024.jpg.\"><\/li><li>Acheter des tablettes num\u00e9riques pour permettre aux enfants de suivre leurs cours \u00e0 distance.<img decoding=\"async\" loading=\"lazy\" class=\"\" src=\"http:\/\/missionssolidariteliban.com\/wp-content\/uploads\/2021\/06\/thumbnail_Maria-feghali-avec-le-labtop-recu-laptop-718x1024.jpg\" alt=\"L\u2019attribut alt de cette image est vide, son nom de fichier est thumbnail_Maria-feghali-avec-le-labtop-recu-laptop-718x1024.jpg.\" width=\"581\" height=\"828\"><img decoding=\"async\" src=\"http:\/\/missionssolidariteliban.com\/wp-content\/uploads\/2021\/06\/thumbnail_Maria-feghali-lettre-de-merci-pour-le-laptop-page1-745x1024.jpg\" alt=\"L\u2019attribut alt de cette image est vide, son nom de fichier est thumbnail_Maria-feghali-lettre-de-merci-pour-le-laptop-page1-745x1024.jpg.\"><img decoding=\"async\" src=\"http:\/\/missionssolidariteliban.com\/wp-content\/uploads\/2021\/06\/thumbnail_Maria-feghali-lettre-de-merci-pour-le-labtop-page-2-745x1024.jpg\" alt=\"L\u2019attribut alt de cette image est vide, son nom de fichier est thumbnail_Maria-feghali-lettre-de-merci-pour-le-labtop-page-2-745x1024.jpg.\"><\/li><\/ul>\n\n\n\n<h3 class=\"wp-block-heading\"><strong>Don sp\u00e9cial de la Mairie de Versailles : Reconstruction d&rsquo;une maison totalement d\u00e9truite par l&rsquo;explosion du port de Beyrouth.<\/strong><\/h3>\n\n\n\n<p>Avant<img decoding=\"async\" src=\"http:\/\/missionssolidariteliban.com\/wp-content\/uploads\/2021\/06\/Mairie-3-1024x766.jpg\" alt=\"L\u2019attribut alt de cette image est vide, son nom de fichier est Mairie-3-1024x766.jpg.\"><\/p>\n\n\n\n<p>Apr\u00e8s<img decoding=\"async\" src=\"http:\/\/missionssolidariteliban.com\/wp-content\/uploads\/2021\/06\/MSL-JUIN-2021.jpg\" alt=\"L\u2019attribut alt de cette image est vide, son nom de fichier est MSL-JUIN-2021.jpg.\"><\/p>\n","protected":false},"excerpt":{"rendered":"<p>Une collecte de m\u00e9dicaments a eu lieu \u00e0 la paroisse Sainte Jeanne d&rsquo;Arc de Versailles Mercredi 22 Septembre \u00e0 la suite du t\u00e9moignage de Mr et Mme Labaki, responsables de l&rsquo;ILDES (Institut Libanais de D\u00e9veloppement \u00e9conomique et Social); La situation au Liban est catastrophique et particuli\u00e8rement sur le plan m\u00e9dical : P\u00e9nurie de m\u00e9dicaments et &hellip; <a href=\"https:\/\/missionssolidariteliban.com\/index.php\/2021-2\/\" class=\"more-link\">Continuer la lecture<span class=\"screen-reader-text\"> de &laquo;&nbsp;2021&nbsp;&raquo;<\/span><\/a><\/p>\n","protected":false},"author":1,"featured_media":0,"parent":0,"menu_order":0,"comment_status":"closed","ping_status":"closed","template":"","meta":[],"_links":{"self":[{"href":"https:\/\/missionssolidariteliban.com\/index.php\/wp-json\/wp\/v2\/pages\/536"}],"collection":[{"href":"https:\/\/missionssolidariteliban.com\/index.php\/wp-json\/wp\/v2\/pages"}],"about":[{"href":"https:\/\/missionssolidariteliban.com\/index.php\/wp-json\/wp\/v2\/types\/page"}],"author":[{"embeddable":true,"href":"https:\/\/missionssolidariteliban.com\/index.php\/wp-json\/wp\/v2\/users\/1"}],"replies":[{"embeddable":true,"href":"https:\/\/missionssolidariteliban.com\/index.php\/wp-json\/wp\/v2\/comments?post=536"}],"version-history":[{"count":2,"href":"https:\/\/missionssolidariteliban.com\/index.php\/wp-json\/wp\/v2\/pages\/536\/revisions"}],"predecessor-version":[{"id":549,"href":"https:\/\/missionssolidariteliban.com\/index.php\/wp-json\/wp\/v2\/pages\/536\/revisions\/549"}],"wp:attachment":[{"href":"https:\/\/missionssolidariteliban.com\/index.php\/wp-json\/wp\/v2\/media?parent=536"}],"curies":[{"name":"wp","href":"https:\/\/api.w.org\/{rel}","templated":true}]}}