{"id":534,"date":"2022-02-04T21:00:39","date_gmt":"2022-02-04T20:00:39","guid":{"rendered":"https:\/\/missionssolidariteliban.com\/?page_id=534"},"modified":"2022-02-04T21:04:15","modified_gmt":"2022-02-04T20:04:15","slug":"2016-2","status":"publish","type":"page","link":"https:\/\/missionssolidariteliban.com\/index.php\/2016-2\/","title":{"rendered":"2016"},"content":{"rendered":"\n<h5 class=\"wp-block-heading\">Actions r\u00e9alis\u00e9es en 2016 par MSL:<\/h5>\n\n\n\n<p><strong>&#8211; Vente de bougies et de bouteilles d&rsquo;huile d&rsquo;olive en d\u00e9cembre 2016 \u00e0 la paroisse Sainte jeanne d&rsquo;Arc de Versailles , Saint Joseph et celle de Montesson:<\/strong><\/p>\n\n\n\n<p><em>La vente des bougies a permis d&rsquo;envoyer 1 000 \u20ac \u00e0 Saint Vincent pour l&rsquo;achat de chaussures pour des enfants de familles en d\u00e9tresse, et 1 600 \u20ac au Carmel d&rsquo;Alep.<\/em><\/p>\n\n\n\n<p><em>1 500 bouteilles d&rsquo;huile d&rsquo;olive vendues \u00e0 Versailles et 100 \u00e0 Montesson ! Un grand merci \u00e0 tous,pour ce tr\u00e8s beau soutien aux ol\u00e9iculteurs de la r\u00e9gion de Jezzine au Sud Liban.<\/em><\/p>\n\n\n\n<p><strong>&#8211; Projet Agricole de CHAHTOUL en 2016 , r\u00e9alis\u00e9<\/strong> <strong>avec la paroisse de Montesson<\/strong>&nbsp; : soutien au village de Chahtoul pour financer la mise en place d&rsquo;une culture de Thym , de Zaatar ,de lavande ,d&rsquo;oliviers , de pins et de noyers , en vue de fixer des familles dans le village en leur donnant un emploi p\u00e9renne, et de participer \u00e0 la prise en charge de personnes \u00e2g\u00e9es dans un foyer logement.<\/p>\n\n\n\n<p>Ce projet avance vite gr\u00e2ce aux dons en 2016 de la paroisse de Montesson : achat de 12 000 pousses de thym plant\u00e9es sur un terrain de 2 418 m2. Installation de r\u00e9servoirs d&rsquo;eau sans besoin&nbsp; de pompes (irrigation fonctionne par la pesanteur).<\/p>\n\n\n\n<p><strong>Un tr\u00e8s grand merci aux paroissiens de Montesson pour leur magnifique engagement dans ce projet!<\/strong><\/p>\n\n\n\n<p><img decoding=\"async\" loading=\"lazy\" src=\"http:\/\/missionssolidariteliban.com\/wp-content\/uploads\/2016\/10\/plantation-10-2016-1-300x225.jpg\" alt=\"plantation-10-2016-1\" width=\"300\" height=\"225\"> Le projet se r\u00e9alise :Premi\u00e8res r\u00e9coltes de Thym fin octobre 2016 !<\/p>\n\n\n\n<p><img decoding=\"async\" loading=\"lazy\" src=\"http:\/\/missionssolidariteliban.com\/wp-content\/uploads\/2016\/10\/plantation-10-2016-2-300x225.jpg\" alt=\"plantation-10-2016-2\" width=\"300\" height=\"225\"> Vue en gros plan de la plantation<\/p>\n\n\n\n<p><strong>&#8211; Projet d&rsquo;installations de ruches \u00e0 Chahtoul:<\/strong> Il est envisag\u00e9 un projet d&rsquo;apiculture suite \u00e0 une mission de sp\u00e9cialistes francais sur place en septembre 2016<\/p>\n","protected":false},"excerpt":{"rendered":"<p>Actions r\u00e9alis\u00e9es en 2016 par MSL: &#8211; Vente de bougies et de bouteilles d&rsquo;huile d&rsquo;olive en d\u00e9cembre 2016 \u00e0 la paroisse Sainte jeanne d&rsquo;Arc de Versailles , Saint Joseph et celle de Montesson: La vente des bougies a permis d&rsquo;envoyer 1 000 \u20ac \u00e0 Saint Vincent pour l&rsquo;achat de chaussures pour des enfants de familles &hellip; <a href=\"https:\/\/missionssolidariteliban.com\/index.php\/2016-2\/\" class=\"more-link\">Continuer la lecture<span class=\"screen-reader-text\"> de &laquo;&nbsp;2016&nbsp;&raquo;<\/span><\/a><\/p>\n","protected":false},"author":1,"featured_media":0,"parent":0,"menu_order":0,"comment_status":"closed","ping_status":"closed","template":"","meta":[],"_links":{"self":[{"href":"https:\/\/missionssolidariteliban.com\/index.php\/wp-json\/wp\/v2\/pages\/534"}],"collection":[{"href":"https:\/\/missionssolidariteliban.com\/index.php\/wp-json\/wp\/v2\/pages"}],"about":[{"href":"https:\/\/missionssolidariteliban.com\/index.php\/wp-json\/wp\/v2\/types\/page"}],"author":[{"embeddable":true,"href":"https:\/\/missionssolidariteliban.com\/index.php\/wp-json\/wp\/v2\/users\/1"}],"replies":[{"embeddable":true,"href":"https:\/\/missionssolidariteliban.com\/index.php\/wp-json\/wp\/v2\/comments?post=534"}],"version-history":[{"count":2,"href":"https:\/\/missionssolidariteliban.com\/index.php\/wp-json\/wp\/v2\/pages\/534\/revisions"}],"predecessor-version":[{"id":542,"href":"https:\/\/missionssolidariteliban.com\/index.php\/wp-json\/wp\/v2\/pages\/534\/revisions\/542"}],"wp:attachment":[{"href":"https:\/\/missionssolidariteliban.com\/index.php\/wp-json\/wp\/v2\/media?parent=534"}],"curies":[{"name":"wp","href":"https:\/\/api.w.org\/{rel}","templated":true}]}}