{"id":17,"date":"2016-01-21T12:26:17","date_gmt":"2016-01-21T11:26:17","guid":{"rendered":"http:\/\/missionssolidariteliban.com\/?page_id=17"},"modified":"2025-05-07T11:47:28","modified_gmt":"2025-05-07T10:47:28","slug":"evenements","status":"publish","type":"page","link":"https:\/\/missionssolidariteliban.com\/index.php\/evenements\/","title":{"rendered":"Vente d&rsquo;huile du LIBAN &#8211; mai 2025"},"content":{"rendered":"<h1 style=\"text-align: center;\"><strong><span style=\"color: #ff0000;\">Samedi 10 et dimanche 11 mai 2025:<\/span><\/strong><\/h1>\n<h2><span style=\"color: #339966;\"><strong>Vente d&rsquo;huile du Liban de la r\u00e9gion de Bisri aux sorties des messes de Sainte Jeanne d&rsquo;Arc de Versailles :<br \/>\n<\/strong><\/span><\/h2>\n<ul>\n<li>\n<h3><span style=\"color: #339966;\">samedi 10 mars \u00e0 partir de 18h<\/span><\/h3>\n<\/li>\n<li>\n<h3><span style=\"color: #339966;\">dimanche 11 mars de 9h30 \u00e013h et le soir de 18h30 \u00e0 20h.<\/span><\/h3>\n<\/li>\n<\/ul>\n<h3><span style=\"color: #339966;\">Cette huile est Extra Vierge, d\u00e9licieusement parfum\u00e9e, et le traitement des oliviers est bio !<\/span><\/h3>\n<h3><span style=\"color: #339966;\">Cette vente est tr\u00e8s importante car elle permet aux ol\u00e9iculteurs chr\u00e9tiens de cette r\u00e9gion de vivre de leur travail et de rester sur leur terre.<\/span><\/h3>\n<p><img decoding=\"async\" loading=\"lazy\" class=\"alignnone wp-image-818\" src=\"http:\/\/missionssolidariteliban.com\/wp-content\/uploads\/2024\/03\/PHOTO-2024-03-08-15-05-17.jpg\" alt=\"\" width=\"366\" height=\"488\" srcset=\"https:\/\/missionssolidariteliban.com\/wp-content\/uploads\/2024\/03\/PHOTO-2024-03-08-15-05-17.jpg 1536w, https:\/\/missionssolidariteliban.com\/wp-content\/uploads\/2024\/03\/PHOTO-2024-03-08-15-05-17-225x300.jpg 225w, https:\/\/missionssolidariteliban.com\/wp-content\/uploads\/2024\/03\/PHOTO-2024-03-08-15-05-17-768x1024.jpg 768w, https:\/\/missionssolidariteliban.com\/wp-content\/uploads\/2024\/03\/PHOTO-2024-03-08-15-05-17-1152x1536.jpg 1152w, https:\/\/missionssolidariteliban.com\/wp-content\/uploads\/2024\/03\/PHOTO-2024-03-08-15-05-17-1200x1600.jpg 1200w\" sizes=\"(max-width: 366px) 85vw, 366px\" \/><\/p>\n<h3><span style=\"color: #002b80;\">Caroline de Raimond pr\u00e9sidente de MSL et Vianney Sevaistre responsable de l&rsquo;acheminement des 2000 bouteilles d&rsquo;huile en France.<\/span><\/h3>\n<h3><img decoding=\"async\" loading=\"lazy\" class=\"alignnone wp-image-764\" src=\"http:\/\/missionssolidariteliban.com\/wp-content\/uploads\/2023\/11\/huile.jpg\" alt=\"\" width=\"103\" height=\"420\" \/> Achetez maintenant :<\/h3>\n<p><!--more--><iframe id=\"haWidget\" style=\"width: 100%; height: 70px; border: none;\" src=\"https:\/\/www.helloasso.com\/associations\/missions-solidarite-liban\/boutiques\/produit-msl\/widget-bouton\"><\/iframe><\/p>\n<h3><span style=\"color: #ff0000;\">\u00a0<\/span><\/h3>\n<h3><\/h3>\n<p><strong><span style=\"color: #ff0000;\">\u00a0<\/span><\/strong><\/p>\n<h5><\/h5>\n","protected":false},"excerpt":{"rendered":"<p>Samedi 10 et dimanche 11 mai 2025: Vente d&rsquo;huile du Liban de la r\u00e9gion de Bisri aux sorties des messes de Sainte Jeanne d&rsquo;Arc de Versailles : samedi 10 mars \u00e0 partir de 18h dimanche 11 mars de 9h30 \u00e013h et le soir de 18h30 \u00e0 20h. Cette huile est Extra Vierge, d\u00e9licieusement parfum\u00e9e, et &hellip; <a href=\"https:\/\/missionssolidariteliban.com\/index.php\/evenements\/\" class=\"more-link\">Continuer la lecture<span class=\"screen-reader-text\"> de &laquo;&nbsp;Vente d&rsquo;huile du LIBAN &#8211; mai 2025&nbsp;&raquo;<\/span><\/a><\/p>\n","protected":false},"author":1,"featured_media":0,"parent":0,"menu_order":0,"comment_status":"closed","ping_status":"closed","template":"","meta":[],"_links":{"self":[{"href":"https:\/\/missionssolidariteliban.com\/index.php\/wp-json\/wp\/v2\/pages\/17"}],"collection":[{"href":"https:\/\/missionssolidariteliban.com\/index.php\/wp-json\/wp\/v2\/pages"}],"about":[{"href":"https:\/\/missionssolidariteliban.com\/index.php\/wp-json\/wp\/v2\/types\/page"}],"author":[{"embeddable":true,"href":"https:\/\/missionssolidariteliban.com\/index.php\/wp-json\/wp\/v2\/users\/1"}],"replies":[{"embeddable":true,"href":"https:\/\/missionssolidariteliban.com\/index.php\/wp-json\/wp\/v2\/comments?post=17"}],"version-history":[{"count":115,"href":"https:\/\/missionssolidariteliban.com\/index.php\/wp-json\/wp\/v2\/pages\/17\/revisions"}],"predecessor-version":[{"id":886,"href":"https:\/\/missionssolidariteliban.com\/index.php\/wp-json\/wp\/v2\/pages\/17\/revisions\/886"}],"wp:attachment":[{"href":"https:\/\/missionssolidariteliban.com\/index.php\/wp-json\/wp\/v2\/media?parent=17"}],"curies":[{"name":"wp","href":"https:\/\/api.w.org\/{rel}","templated":true}]}}

<h1 style="text-align: center;"><strong><span style="color: #ff0000;">Samedi 10 et dimanche 11 mai 2025:</span></strong></h1>
<h2><span style="color: #339966;"><strong>Vente d&rsquo;huile du Liban de la région de Bisri aux sorties des messes de Sainte Jeanne d&rsquo;Arc de Versailles :<br />
</strong></span></h2>
<ul>
<li>
<h3><span style="color: #339966;">samedi 10 mars à partir de 18h</span></h3>
</li>
<li>
<h3><span style="color: #339966;">dimanche 11 mars de 9h30 à13h et le soir de 18h30 à 20h.</span></h3>
</li>
</ul>
<h3><span style="color: #339966;">Cette huile est Extra Vierge, délicieusement parfumée, et le traitement des oliviers est bio !</span></h3>
<h3><span style="color: #339966;">Cette vente est très importante car elle permet aux oléiculteurs chrétiens de cette région de vivre de leur travail et de rester sur leur terre.</span></h3>
<p><img decoding="async" loading="lazy" class="alignnone wp-image-818" src="http://missionssolidariteliban.com/wp-content/uploads/2024/03/PHOTO-2024-03-08-15-05-17.jpg" alt="" width="366" height="488" srcset="https://missionssolidariteliban.com/wp-content/uploads/2024/03/PHOTO-2024-03-08-15-05-17.jpg 1536w, https://missionssolidariteliban.com/wp-content/uploads/2024/03/PHOTO-2024-03-08-15-05-17-225x300.jpg 225w, https://missionssolidariteliban.com/wp-content/uploads/2024/03/PHOTO-2024-03-08-15-05-17-768x1024.jpg 768w, https://missionssolidariteliban.com/wp-content/uploads/2024/03/PHOTO-2024-03-08-15-05-17-1152x1536.jpg 1152w, https://missionssolidariteliban.com/wp-content/uploads/2024/03/PHOTO-2024-03-08-15-05-17-1200x1600.jpg 1200w" sizes="(max-width: 366px) 85vw, 366px" /></p>
<h3><span style="color: #002b80;">Caroline de Raimond présidente de MSL et Vianney Sevaistre responsable de l&rsquo;acheminement des 2000 bouteilles d&rsquo;huile en France.</span></h3>
<h3><img decoding="async" loading="lazy" class="alignnone wp-image-764" src="http://missionssolidariteliban.com/wp-content/uploads/2023/11/huile.jpg" alt="" width="103" height="420" /> Achetez maintenant :</h3>
<p><!--more--><iframe id="haWidget" style="width: 100%; height: 70px; border: none;" src="https://www.helloasso.com/associations/missions-solidarite-liban/boutiques/produit-msl/widget-bouton"></iframe></p>
<h3><span style="color: #ff0000;"> </span></h3>
<h3></h3>
<p><strong><span style="color: #ff0000;"> </span></strong></p>
<h5></h5>

<p>Samedi 10 et dimanche 11 mai 2025: Vente d&rsquo;huile du Liban de la région de Bisri aux sorties des messes de Sainte Jeanne d&rsquo;Arc de Versailles : samedi 10 mars à partir de 18h dimanche 11 mars de 9h30 à13h et le soir de 18h30 à 20h. Cette huile est Extra Vierge, délicieusement parfumée, et &hellip; <a href="https://missionssolidariteliban.com/index.php/evenements/" class="more-link">Continuer la lecture<span class="screen-reader-text"> de &laquo;&nbsp;Vente d&rsquo;huile du LIBAN &#8211; mai 2025&nbsp;&raquo;</span></a></p>
